ative of -w**6/120 - w**5/15 - w**4/6 - w**3/2 - w**2. Let n be l(-4). Is (17 - -2)/(1/n) a prime number?
False
Suppose 2*j - 388 = -0*j. Is j prime?
False
Let z = 6 + 2. Let v(l) be the first derivative of -l**4/4 + 8*l**3/3 + l**2/2 - 2*l - 3. Is v(z) prime?
False
Let n(v) = 9*v**3 + 11*v**2 + 3. Is n(5) a composite number?
True
Let d be (-1966)/(-8) - 2/(-8). Suppose -2*q = 4*g - 498, -2*q - 2 + d = 2*g. Is g a composite number?
False
Suppose -b = -2*s - 3, -3*s - 13 + 1 = -4*b. Suppose -a + 2*z - 39 + 124 = s, 152 = 2*a + 2*z. Is a a prime number?
True
Let t(w) = w - 13. Let u be t(16). Suppose -162 + 9 = -u*j. Is j a prime number?
False
Let b(k) = 51*k**2 - k - 1. Is b(-2) a prime number?
False
Let o be -24 + -6 - 1*3. Let s = -18 - o. Is s prime?
False
Suppose -1091 = -0*v - 3*v + 4*f, -5*v + 4*f + 1821 = 0. Suppose -4*r + 3*r = -v. Is r composite?
True
Let u(a) = -a**3 + 6*a**2 + 2*a - 7. Let v(t) = -4*t**3 + 24*t**2 + 9*t - 28. Let g(p) = -9*u(p) + 2*v(p). Let k be g(5). Is k/(-4)*42/9 composite?
True
Let a(c) be the first derivative of -c**4/4 + c**3 - c**2 - 1. Let y be a(2). Suppose y = -s - 3, 0 = -t - 3*s + 4*s + 58. Is t composite?
True
Let o(z) = -z - 9. Let q(y) = 1. Let i(h) = o(h) + 4*q(h). Let k be i(-9). Suppose p + 915 = k*p. Is p a composite number?
True
Suppose -h + 3*x = -403, -5*h - x = -2*x - 1959. Is h a prime number?
False
Let x(n) = 35*n**2 - 4*n + 6. Is x(-5) a composite number?
True
Suppose -h + 987 = 2*h. Suppose y + h - 1360 = 0. Suppose 5*r = 84 + y. Is r a composite number?
False
Suppose -4*q = 2*n - 506, -89 = -q + 5*n + 43. Is q composite?
False
Let h be 3/(3/(-85)) - -1. Let o be (14*1)/(-6 - -4). Let k = o - h. Is k a composite number?
True
Suppose -5*s + 26 = -4*x, -2*x = -0*x + s + 6. Let h(j) = -2*j**3 + 5*j**2 - 2*j + 3. Let q be h(x). Suppose -97 - q = -4*u. Is u a prime number?
True
Let o(m) = 3*m**2 + 4*m + 2. Suppose -4 = 2*a + 4. Let u(z) = -z**2 - 2*z + 4. Let h be u(a). Is o(h) a composite number?
True
Let w be (1 - (-2 - -1)) + 0. Suppose 264 = w*v + 2*v. Let q = v + -19. Is q composite?
False
Let s(f) = f**2 + 57. Is s(0) a prime number?
False
Is (-2026)/(-14) - (-6)/21 a composite number?
True
Suppose -3*g + 975 = 2*g. Suppose -5*a + 11 - 1 = 0. Suppose -g = -a*s - s. Is s a prime number?
False
Suppose -4*b + 27 = -77. Is b/1 - (2 + 1) composite?
False
Let r = -6 - -4. Let z be 0*(-3)/6*r. Is 2 + (-106)/(-2) + z composite?
True
Suppose 4*i = 4, 4*p = -p + 3*i + 4152. Is p a composite number?
True
Let d(g) = -g**2 + 6*g. Let f be d(6). Suppose f*n = 5*n - 345. Is n a composite number?
True
Suppose f - 35 = 10. Suppose -15 = -5*i + 25. Let m = f + i. Is m a prime number?
True
Is (-212)/3*9/24*-4 a composite number?
True
Suppose x + 3*x = -4. Is (1*(-1 - 30))/x a composite number?
False
Let t(o) = -o - 1. Let j be t(-3). Suppose 3*s + j*n - 11 = 0, 0 = 5*s - 2*s - 2*n - 7. Suppose -4*u + 194 = -c, 2 = s*u + 3*c - 151. Is u composite?
True
Let b(w) = 15*w**2 + 13. Let k be b(-9). Suppose -5*j + j + k = 0. Is j composite?
False
Let r(v) = -v**2 - 12. Let y be r(0). Let u be (0 - 6)/(y/(-8)). Is 26*(1 - (-2)/u) a prime number?
True
Suppose -2*f + 2 = -2. Suppose -f*x + x = 1. Let v(n) = -18*n**3 + 1. Is v(x) a composite number?
False
Suppose -12*j + 353 = -11*j. Is j a composite number?
False
Let g(j) = -299*j. Let c be g(-2). Suppose 3*d - c = 23. Suppose 5*o = -5*l + 915, l + o - d = 6*o. Is l a prime number?
False
Suppose y - 222 = -0*j - 2*j, -3*j + 2*y = -333. Suppose 0 = 3*z - j - 585. Suppose 3*i + z = 7*i. Is i prime?
False
Let l(v) = v + 7. Let s be l(-7). Let r = s - -6. Is r a composite number?
True
Is 1/((-5)/105)*2/(-2) prime?
False
Suppose 0 = -5*k + 7 + 3, -2*c = -3*k + 2. Suppose -c*i = 5*l - 32, l + l - 14 = -i. Suppose 2*d = i*d - 220. Is d prime?
False
Let o be 33/(-15) - (-2)/10. Is o/4 - 252/(-8) composite?
False
Suppose 5*v - 4*d - 45 = 0, 3*v - 3*d - 32 + 8 = 0. Suppose 0 = -3*z - 49 + 193. Let t = z - v. Is t prime?
False
Let q(l) = -14*l**3 + 4*l**2 + l - 6. Let v be q(-3). Suppose -3*x = -4*k + 875, 2*k - v = -0*k - 5*x. Is k composite?
True
Let l be (2/3)/((-1)/(-6)). Suppose -1 = 5*d + l. Let g(w) = -13*w. Is g(d) composite?
False
Let b(i) = 8 + 5*i - 4 - 3 + 6. Is b(16) prime?
False
Is (-7)/7*(-66 + 1) prime?
False
Let v = -3 + 6. Suppose 3*q = 2*t - 43, -t + v*q = -10 - 19. Is t prime?
False
Suppose -4*d = -3*r + 2579, -619 = 2*r + 3*d - 2310. Is r composite?
False
Let d = 397 - 216. Let r = d + -102. Is r a prime number?
True
Let x(r) be the second derivative of -2*r**3 + r**2 - r. Let f be x(-6). Suppose -7 + f = z. Is z prime?
True
Let q = 0 - 6. Is q/(-27) + (-1303)/(-9) composite?
True
Suppose 10 = 4*y - 3*y - 4*g, -4*y + 2*g - 2 = 0. Suppose 1241 = -4*w - 79. Is w/(-25) - y/(-10) prime?
True
Let b = -13 - -20. Let q = b - 11. Is 38/6 - q/6 prime?
True
Let b(j) = j**3 + 8*j**2 + 6*j - 8. Let a = -14 + 7. Let y be b(a). Is 7 + 0 - (y + 1) a composite number?
False
Let g be (-3)/4 - 102/(-8). Let u = -47 + g. Let b = 18 - u. Is b a prime number?
True
Suppose 2*o + 2*c + 0*c - 4 = 0, 5*o - c + 8 = 0. Let p(a) = 7*a**3 - 2*a**2 - a. Let z be p(o). Let q = z - -59. Is q a composite number?
True
Let x be (2 - (-8)/(-5))*5. Suppose x*j = -3*j + 5. Is (1/j)/((-2)/(-94)) composite?
False
Let g = 93 + -4. Is g prime?
True
Let c be 3 - ((0 - -1) + 2). Suppose 3*m - 3*w = 7*m - 1888, 5*m + 2*w - 2353 = c. Is m composite?
True
Suppose 15*o + 7902 = 27267. Is o a composite number?
False
Suppose 2*b + 0 - 4 = 4*a, 18 = b + 2*a. Suppose -d - b = -0*d. Is 18/(-6) - d*13 a prime number?
True
Let r(w) = 3*w**3 + 2*w + 2*w - 4*w**2 - 3 - 2*w**3. Let q be r(3). Suppose q = j - 34 - 3. Is j composite?
False
Is (6598/(-6))/(7/(-21)) a composite number?
False
Let m(u) = -191*u. Is m(-1) prime?
True
Let o(k) = k**3 - 9*k**2 + k - 3. Let d(i) = i**3 - 10*i**2 + i - 2. Let s(v) = -2*d(v) + 3*o(v). Let g be s(7). Is (31/g)/((-3)/(-6)) prime?
True
Let k = -8 - -30. Suppose j + k = -7*w + 3*w, 5*j - 15 = 5*w. Is 11/j*(-2 - 0) composite?
False
Let l(c) = -c**2 - 12*c. Is l(-5) prime?
False
Suppose 24*g + 2434 = 26*g. Is g a prime number?
True
Suppose f - 2*f + 762 = 5*x, 0 = -3*x - 3*f + 450. Suppose -623 = -4*z + 2*m + 3*m, 0 = z - 4*m - x. Is z prime?
True
Let l(j) = j**3 - j + 97. Let x be 14/77 + (-4)/22. Let d be l(x). Let i = d - 66. Is i a prime number?
True
Let t(a) = 70*a - 1. Let p be t(1). Let m = -92 + 54. Let l = m + p. Is l a prime number?
True
Suppose 10 = -2*s, 1106 + 436 = 3*d - 3*s. Is d prime?
True
Suppose 488 - 5023 = -5*a. Is a prime?
True
Let l = -26 - -45. Is l a composite number?
False
Let s(x) = 40*x**2 - x + 3. Is s(-4) a prime number?
True
Is ((-6)/4)/((-48)/(-64)) - -1591 prime?
False
Let z be 168/10 + (-3)/(-15). Suppose -205 = 4*k - z. Is 1 + (1 - 3) - k a composite number?
True
Suppose -10 = -3*n - 5*k + 13, -n - 3*k = -13. Is 2 + 35 - (n + -1) a composite number?
False
Is ((-3386)/3)/((-14)/21) composite?
False
Suppose 2174 = 2*m + 5*k, 1087 = 7*m - 6*m + 5*k. Is m prime?
True
Is (-5)/(-20) + (-3643)/(-4) + 2 prime?
False
Let h = 4146 - 2706. Suppose 0 = -3*f - h + 6141. Is f a composite number?
False
Let n(y) = -22*y + 4. Let o(g) = -22*g + 3. Let z(u) = 3*n(u) - 4*o(u). Is z(1) prime?
False
Let g(s) = 6*s**2 - 15*s + 4. Is g(11) prime?
False
Let o(g) = g**3 + 17*g**2 - 8*g - 9. Is o(-17) composite?
False
Suppose 3*d - 3541 = -2*z - 312, 2*d - z = 2141. Is d prime?
False
Suppose 2*s + 3*s - 30 = 0. Is 22*(63/s)/3 composite?
True
Let z = 262 + -13. Is z prime?
False
Suppose -5*d = -n + 98, -n + 2*n = -5*d - 102. Is (-1)/(-4) + (-2535)/d prime?
True
Let s be 2/6 - (-1)/(-3). Let r(i) = -i**3 + i**2 + 113. Is r(s) prime?
True
Let g = -12 - -12. Suppose -2*u - 5*a = u + 14, 0 = 3*u - a - 10. Suppose -u*r = -g*r - 46. Is r a composite number?
False
Suppose 388 = 7*f + 17. Is f composite?
False
Suppose r + 4*o - 26 = -r, 3*o + 91 = 5*r. Let h(z) = z**2 + 7*z + 7. Let d be h(-9). Suppose 4*g - d = -m - g, -2*m = -g - r. Is m prime?
False
Let j = -28 - -48. Let w = -10 + j. Is w prime?
False
Let i be (49 - 3)/(2/3). Suppose d = -3*k + k + 59, -i = -3*k + 5*d. Let r = -7 + k. Is r a composite number?
True
Suppose -3*s - 4*x = 3 + 16, -20 = 3*s + 5*x. Let n = -28 + 